 v(a) be the second derivative of -a**4/12 + a**3/3 + 3*a**2/2 - a. Let u be v(-2). Let w = u + 19. What are the prime factors of w?
2, 7
Let w(j) = -j - 3. Let l be w(-5). Suppose -3*p + f = -17, -2*p + 0 = -4*f + l. Suppose -p*r + 60 = -3*r. List the prime factors of r.
3, 5
Let d(p) be the second derivative of p**5/20 + 3*p**4/4 + 7*p**3/6 - 9*p**2/2 - 8*p. List the prime factors of d(-7).
2, 5
Let m(a) = -a**3 - 3*a**2 + a - 7. Let h be m(-4). Suppose 0 = 3*w + h*i - 8*i - 42, 5*i = 10. What are the prime factors of w?
2
Let b = -20 - -26. List the prime factors of b.
2, 3
Suppose 3*o - 3 = 15. Let a be (0 + -1)*o/2. Let w(n) = -2*n - 1. What are the prime factors of w(a)?
5
Let y(b) = 3*b**2 + 1. Let s be y(1). Suppose 220 = -4*w - s*u, -u + 122 = w - 3*w. What are the prime factors of 2/6 + w/(-3)?
2, 5
Let k = -28 + 43. List the prime factors of k.
3, 5
Let w(r) = 2*r**3 - 2*r**2 + 7*r + 11. What are the prime factors of w(4)?
3, 5
Let x(v) = -v**2 + 12*v - 11. Let z be x(11). Suppose z*h - 2*h = 0. What are the prime factors of (h + 0)/(-1) + 18?
2, 3
Let a(u) = 9*u**2 - 2*u - 1. List the prime factors of a(-1).
2, 5
Suppose 0 = -2*z + 6*z - 8. Let h = -5 + -3. Let m = z - h. What are the prime factors of m?
2, 5
Let h be 8/16 - (-215)/2. Suppose 5*t = t + h. List the prime factors of t.
3
Let k = 259 - 141. What are the prime factors of k?
2, 59
Let q(f) = 5*f**2 + 3*f + 3. What are the prime factors of q(5)?
11, 13
Let z(n) = n**3 + 5*n**2 - 2*n - 2. Suppose -8 = 6*y - 2*y. Let v be 1*1/(y/10). What are the prime factors of z(v)?
2
Let g = 183 + -15. List the prime factors of g.
2, 3, 7
Let c = 558 - 292. List the prime factors of c.
2, 7, 19
Suppose -k + 3*m + 92 = -0, -k + m + 82 = 0. What are the prime factors of k?
7, 11
Let n(x) = -x. Let k be n(2). Let m = 12 - 12. List the prime factors of k - (-10 - (1 - m)).
3
Suppose -2*s = s. Suppose s = h - 0*z + 2*z - 6, 0 = 3*h + z - 28. What are the prime factors of h?
2, 5
Let d be ((-1)/(-3))/((-3)/(-18)). Let j = 4 - d. Suppose -5*y + 33 = n, -y = j*n - n - 21. List the prime factors of n.
2, 3
Let g(l) = -l. Let q be g(-3). Let i = 9 + q. List the prime factors of i.
2, 3
Suppose -16*d + 51 = 3. List the prime factors of d.
3
Let n be (-3)/1*28/(-6). Let f = -23 + n. Let z(y) = -2*y - 10. What are the prime factors of z(f)?
2
Suppose 2*c - 3*h = -6*h + 71, -5*h - 115 = -5*c. Suppose b + b - c = 0. What are the prime factors of b?
2, 7
What are the prime factors of (-15)/(-10)*156/9?
2, 13
Suppose 0 = -3*x + x + 8. Let h = 0 + x. Let c = h - -2. What are the prime factors of c?
2, 3
What are the prime factors of (-392)/(-6)*(-15 + 18)?
2, 7
Suppose 6 = o - 5*j, o + 3*j = 2*j + 12. List the prime factors of o.
11
Let s(m) = 3*m**3 - m**2 + 1. Let h be s(1). Let c = -9 - -11. Suppose c*b = b + h. List the prime factors of b.
3
Suppose -15 = -4*o - o. Suppose -2*p + d = -o*p + 25, -d = 3*p - 73. What are the prime factors of p?
2, 3
Let b(v) = -3*v + 16. Let w be b(11). Let l = w - -32. List the prime factors of l.
3, 5
Suppose -711 - 209 = -5*n. Suppose -2*s = 2*s - n. List the prime factors of s.
2, 23
Suppose 3*k = -k + 24. What are the prime factors of k/(-6 - -3) - -7?
5
Let g be (1 + -1)/((-4)/2). Let t(r) = 3*r - r**2 - 3*r + 98 - 93. What are the prime factors of t(g)?
5
Let f = 49 - 21. List the prime factors of f.
2, 7
Suppose 5*m - 32 = 8. Let t = m + -6. Suppose -t*p - 7 = -23. List the prime factors of p.
2
Let f(t) = -2*t**3 - t**2 - 4*t + 5. Let k(h) = -10*h**3 - 6*h**2 - 20*h + 26. Let i(m) = -16*f(m) + 3*k(m). List the prime factors of i(2).
2, 7
Suppose -56 = -3*g + 136. What are the prime factors of g?
2
Suppose -2*l + 30 = -4*i, l + 2*l = 5*i + 40. List the prime factors of i/((-4)/(-8) + -1).
2, 5
Suppose 5*g - 3 - 2 = 0. What are the prime factors of (0 - g)*2 + 53?
3, 17
Suppose 0 = q + 5*j - 23, -5*j + 8 = q - 3*j. Let k(i) = -7*i - 3. List the prime factors of k(q).
11
Let p(z) = 3*z**2 - 23*z - 29. Let k(c) = -c**2 + 8*c + 10. Let t(n) = 11*k(n) + 4*p(n). List the prime factors of t(8).
2, 13
Suppose 4*v - 314 = -2*t, 4*t = -v - 4*v + 400. Suppose 4*u - 2*l - v = u, -3*u = -4*l - 86. List the prime factors of u.
2, 11
Suppose 5*r - 2*r - g - 785 = 0, 2*g = 2*r - 522. What are the prime factors of r?
2, 131
Suppose 2 = -2*l + 22. Suppose 3*i + b = 32, 0 = 2*i - i + b - l. List the prime factors of i.
11
Let l = 41 - 5. What are the prime factors of l?
2, 3
Let y(h) be the first derivative of 3*h**2/2 - 2*h - 1. Let o be y(3). Suppose -4*v + 35 - o = 0. What are the prime factors of v?
7
Let r = 65 - 19. Suppose -5*v - 1 + r = 0. What are the prime factors of v?
3
Suppose -2*a + 5*a = -18. List the prime factors of a/(-33) - (-548)/11.
2, 5
Let l(x) = -x**3 + 2*x**2 - x. Let p be l(1). Suppose p = -3*v + 24 + 15. List the prime factors of v.
13
What are the prime factors of (-18)/(-4)*(-132)/(-9)?
2, 3, 11
Suppose -10*o = -5*o - 25. What are the prime factors of o?
5
Let k(o) be the second derivative of -o**5/20 + 7*o**4/12 - o**3/6 + 3*o**2 - 2*o. Let i be k(6). Let z = i - 23. List the prime factors of z.
13
Suppose 4*d - 204 = -3*u, 4*d - 232 = -0*u + 4*u. What are the prime factors of d?
2, 3
Suppose -34 = 4*m - 90. Suppose -5*u = -m - 21. List the prime factors of u.
7
Let p be 4/6 - (-172)/12. What are the prime factors of (p/2)/(4/8)?
3, 5
Suppose -2*k + 3 = -k. Suppose a + u = -u + 2, k*a + 4*u = 0. What are the prime factors of (-19)/(-2) - 2/a?
2, 5
Suppose 0*s + s - 2*n = 47, 0 = 3*s - n - 166. List the prime factors of s.
3, 19
Let i(w) = 14*w**2 - 13*w + 2. What are the prime factors of i(4)?
2, 3, 29
Let k(q) = q + 1. Suppose -20 = r + 3*r. Let y be k(r). List the prime factors of (-3)/y*(-2 - -6).
3
Let p(o) = 28*o + 27. List the prime factors of p(2).
83
Suppose 3*p - 5*s - 309 - 376 = 0, 2*s + 932 = 4*p. List the prime factors of p.
5, 47
Let y(k) = k**3 - 6*k**2 - 6*k - 1. Let h = 32 + -18. Suppose -2*n = -0*n - h. List the prime factors of y(n).
2, 3
Suppose -2*p + 0*p = -4. Suppose -g - 2*r + 7 = 0, -p*g - 3*g = 3*r - 21. Suppose 0 = -4*y - g*f + 15, 4*y + 2*f = -2*f + 16. List the prime factors of y.
3
Suppose -p - p = -42. List the prime factors of p.
3, 7
Let m = -183 - -228. List the prime factors of m.
3, 5
Suppose 5*i + 5 = a, 4*i - 3*a + 25 = 2*a. Suppose i = -j - 0*j + 4. Suppose -4*h + 10 = 2*x - x, 2*x = 4*h - j. What are the prime factors of h?
2
Let v be 25/(-10)*(-4)/(-5). Let n(p) = -9*p - 3. List the prime factors of n(v).
3, 5
Let d = -1 + 6. Suppose 6 = -2*o, -2*q - d*o = -5*q + 27. What are the prime factors of q?
2
Let t = 11 + -19. Let r be (4/t)/((-2)/144). List the prime factors of 2/(-10) - r/(-5).
7
Let b(k) = k**2 + 11*k + 11. What are the prime factors of b(-12)?
23
Let t be 4 - -1*(-2 + 1). Let d(a) = a**2 + 5 + 8*a + t + 2. What are the prime factors of d(-7)?
3
Let d(r) = 4 + 0*r - r - 9*r. What are the prime factors of d(-2)?
2, 3
Suppose -3*p + 0*p = 12. Let b(f) = -4*f - 2. Let d be b(1). What are the prime factors of p*3/d*2?
2
Suppose -w = 3*w - 760. List the prime factors of ((-12)/15)/((-4)/w).
2, 19
Suppose -11*x = -6*x - 275. List the prime factors of x.
5, 11
Let c(w) = -10*w + 5. Let u be c(-7). Let z = 9 - 6. What are the prime factors of (u/10)/(z/6)?
3, 5
Suppose -42 = -4*p + 10. Let z = 18 - p. Suppose 0 = z*v - v - 4*g - 28, 3*v = -g + 9. List the prime factors of v.
2
Suppose 4*x - 30 = -2*h + 4*h, h - 35 = -3*x. Let t = x + -5. Suppose 2*j - t*j + 36 = 0. What are the prime factors of j?
2, 3
Suppose 0 = 4*g - 2*l - 4, g + l = 4 + 3. Suppose -g*w - 2*w = -25. List the prime factors of w.
5
Let n = -1 + 0. Let y = 0 + n. Let c = y - -3. List the prime factors of c.
2
Suppose 0*a + 4*a = 20. Suppose 0 = a*q - 29 - 31. What are the prime factors of q?
2, 3
Suppose -c + 0*c + 113 = -q, 4*c - 3*q - 455 = 0. Suppose -5*n = -n + c. Let u = -17 - n. What are the prime factors of u?
2, 3
Let a(u) = -u**2 + u + 10. Let z be a(-3). Let b = 16 + z. List the prime factors of b.
2, 7
Let u(i) be the second derivative of -i**5/20 + i**4/2 + i**3/2 - 3*i**2 - i. What are the prime factors of u(6)?
2, 3
List the prime factors of (-1)/(((-10)/8)/5).
2
Suppose 12*z = 8*z + 80. What are the prime factors of z?
